74?
True
Is 11 a factor of 1452?
True
Is 3354 a multiple of 26?
True
Is 570 a multiple of 15?
True
Is 2860 a multiple of 4?
True
Does 194 divide 106954?
False
Is 15 a factor of 5255?
False
Is 437 a multiple of 7?
False
Does 22 divide 374?
True
Is 774 a multiple of 43?
True
Is 322 a multiple of 4?
False
Is 8 a factor of 59521?
False
Is 16337 a multiple of 137?
False
Does 78 divide 7644?
True
Does 128 divide 1221?
False
Is 14747 a multiple of 43?
False
Is 23 a factor of 143060?
True
Does 10 divide 1500?
True
Is 3 a factor of 524?
False
Is 24 a factor of 3685?
False
Is 22163 a multiple of 8?
False
Does 86 divide 424?
False
Is 2680 a multiple of 10?
True
Is 7 a factor of 1827?
True
Does 10 divide 366?
False
Is 266 a multiple of 14?
True
Is 25 a factor of 650?
True
Is 39 a factor of 16107?
True
Is 73 a factor of 1168?
True
Does 22 divide 34?
False
Is 1107 a multiple of 450?
False
Does 21 divide 4074?
True
Does 59 divide 7198?
True
Is 4511 a multiple of 13?
True
Is 264 a multiple of 88?
True
Is 575 a multiple of 115?
True
Does 2 divide 649?
False
Is 200 a multiple of 3?
False
Does 44 divide 6492?
False
Does 84 divide 8949?
False
Does 24 divide 290?
False
Does 42 divide 1890?
True
Does 4 divide 234?
False
Is 30 a factor of 469?
False
Is 31 a factor of 527?
True
Is 6 a factor of 8521?
False
Is 139216 a multiple of 452?
True
Is 73 a multiple of 5?
False
Is 300 a multiple of 24?
False
Does 28 divide 25897?
False
Does 21 divide 6503?
False
Does 16 divide 2480?
True
Does 7 divide 11963?
True
Is 118 a factor of 5438?
False
Is 2392 a multiple of 26?
True
Does 25 divide 4975?
True
Does 54 divide 1242?
True
Is 20 a factor of 4700?
True
Is 19 a factor of 53472?
False
Is 850 a multiple of 50?
True
Is 5033 a multiple of 63?
False
Does 10 divide 31980?
True
Does 2 divide 2754?
True
Does 20 divide 156?
False
Is 715 a multiple of 2?
False
Is 6 a factor of 36?
True
Is 23 a factor of 37191?
True
Is 21 a factor of 649?
False
Is 11 a factor of 227?
False
Does 44 divide 2420?
True
Does 15 divide 1882?
False
Is 17 a factor of 901?
True
Does 24 divide 986?
False
Is 78076 a multiple of 272?
False
Is 21 a factor of 11823?
True
Does 37 divide 1447?
False
Does 14 divide 6911?
False
Does 38 divide 34960?
True
Does 39 divide 4797?
True
Does 60 divide 720?
True
Is 7459 a multiple of 9?
False
Is 44 a factor of 7348?
True
Is 39 a factor of 14898?
True
Does 2 divide 2654?
True
Is 3567 a multiple of 123?
True
Is 49152 a multiple of 232?
False
Is 10 a factor of 1112?
False
Is 111 a factor of 25999?
False
Is 10 a factor of 1304?
False
Is 7 a factor of 23105?
False
Is 20 a factor of 2189?
False
Is 60165 a multiple of 21?
True
Is 19089 a multiple of 8?
False
Does 38 divide 114?
True
Is 8 a factor of 22269?
False
Is 2 a factor of 10682?
True
Is 576 a multiple of 48?
True
Is 9 a factor of 3600?
True
Does 4 divide 4679?
False
Is 41 a factor of 492?
True
Is 121 a factor of 2653?
False
Does 46 divide 8324?
False
Is 49140 a multiple of 351?
True
Is 9 a factor of 1854?
True
Does 78 divide 34086?
True
Is 2000 a multiple of 20?
True
Does 45 divide 43065?
True
Does 27 divide 6183?
True
Is 1484 a multiple of 14?
True
Does 24 divide 168?
True
Is 53270 a multiple of 10?
True
Is 3147 a multiple of 22?
False
Is 14 a factor of 150904?
False
Is 4 a factor of 76?
True
Does 18 divide 3294?
True
Is 5536 a multiple of 8?
True
Does 39 divide 357?
False
Does 22 divide 2420?
True
Is 12 a factor of 840?
True
Is 264 a multiple of 33?
True
Is 64206 a multiple of 24?
False
Is 7 a factor of 1953?
True
Is 5195 a multiple of 19?
False
Is 19 a factor of 5227?
False
Is 31 a factor of 53?
False
Is 29 a factor of 5684?
True
Is 66560 a multiple of 40?
True
Does 6 divide 174?
True
Is 25 a factor of 461?
False
Is 176 a multiple of 66?
False
Is 31 a factor of 95697?
True
Is 132 a multiple of 4?
True
Does 8 divide 952?
True
Is 51 a factor of 36261?
True
Is 4 a factor of 2294?
False
Is 1054 a multiple of 17?
True
Is 1404 a multiple of 18?
True
Is 71 a factor of 3136?
False
Does 40 divide 18189?
False
Does 22 divide 7062?
True
Is 55637 a multiple of 275?
False
Is 13 a factor of 584?
False
Does 33 divide 21820?
False
Does 10 divide 90?
True
Is 30343 a multiple of 332?
False
Does 14 divide 46572?
False
Is 27 a factor of 2040?
False
Is 191 a factor of 23302?
True
Is 47123 a multiple of 64?
False
Does 32 divide 1707?
False
Does 357 divide 17904?
False
Does 23 divide 805?
True
Is 11 a factor of 99?
True
Is 81 a factor of 18225?
True
Does 15 divide 2289?
False
Is 30 a factor of 2319?
False
Does 5 divide 15195?
True
Is 199 a factor of 58307?
True
Is 18 a factor of 18718?
False
Is 17 a factor of 4131?
True
Does 122 divide 976?
True
Is 5 a factor of 72?
False
Is 111045 a multiple of 24?
False
Does 50 divide 1587?
False
Does 21 divide 882?
True
Does 8 divide 5656?
True
Is 25996 a multiple of 67?
True
Is 5744 a multiple of 16?
True
Is 6 a factor of 442?
False
Does 65 divide 65?
True
Does 18 divide 11412?
True
Is 213 a factor of 12253?
False
Does 116 divide 2320?
True
Is 779 a multiple of 4?
False
Is 188 a factor of 17492?
False
Does 162 divide 2916?
True
Does 37 divide 19312?
False
Is 87 a factor of 1044?
True
Is 535 a multiple of 4?
False
Does 27 divide 378?
True
Is 104 a factor of 1352?
True
Is 13 a factor of 468?
True
Is 10 a factor of 711?
False
Is 13120 a multiple of 10?
True
Is 31 a factor of 13736?
False
Is 9928 a multiple of 73?
True
Is 14 a factor of 1386?
True
Is 14952 a multiple of 8?
True
Does 211 divide 2350?
False
Is 66 a multiple of 66?
True
Is 2184 a multiple of 24?
True
Is 1081 a multiple of 22?
False
Is 5432 a multiple of 10?
False
Is 24 a factor of 36374?
False
Is 106 a factor of 43990?
True
Does 13 divide 429?
True
Does 40 divide 70680?
True
Does 94 divide 940?
True
Is 224 a multiple of 28?
True
Is 1110 a multiple of 37?
True
Is 9 a factor of 135?
True
Is 30016 a multiple of 448?
True
Is 35 a factor of 2360?
False
Does 12 divide 8568?
True
Does 9 divide 81?
True
Is 2496 a multiple of 32?
True
Is 35477 a multiple of 13?
True
Is 11 a factor of 14962?
False
Is 356 a multiple of 8?
False
Is 183 a factor of 25620?
True
Does 10 divide 2576?
False
Is 22066 a multiple of 187?
True
Is 6 a factor of 1004?
False
Is 15 a factor of 1455?
True
Is 4408 a multiple of 232?
True
Is 882 a multiple of 6?
True
Is 10806 a multiple of 20?
False
Is 25564 a multiple of 166?
True
Is 720 a multiple of 15?
True
Does 4 divide 24976?
True
Is 525 a multiple of 15?
True
Is 1772 a multiple of 13?
False
Does 50 divide 10050?
True
Does 56 divide 23139?
False
Is 80 a factor of 880?
True
Does 18 divide 8208?
True
Is 3280 a multiple of 20?
True
Does 3 divide 301?
False
Does 22 divide 623?
False
Is 7843 a multiple of 61?
False
Is 1800 a multiple of 40?
True
Is 143 a factor of 2145?
True
Does 6 divide 3222?
True
Is 2 a factor of 721?
False
Is 571 a multiple of 28?
False
Does 13 divide 260?
True
Is 29 a factor of 12196?
False
Is 24 a factor of 336?
True
Is 15 a factor of 285?
True
Does 34 divide 3332?
True
Is 457 a multiple of 8?
False
Does 28 divide 168?
True
Does 245 divide 41895?
True
Is 9 a factor of 2403?
True
Is 18961 a multiple of 109?
False
Is 72 a factor of 6408?
True
Is 1467 a multiple of 13?
False
Is 77 a factor of 1667?
False
Is 17 a factor of 17?
True
Is 7 a factor of 41748?
True
Does 20 divide 28293?
False
Is 12 a factor of 333?
False
Is 213 a multiple of 29?
False
Is 36 a factor of 483?
False
Does 11 divide 23375?
True
Is 46608 a multiple of 12?
True
Does 101 divide 11211?
True
Is 5519 a multiple of 52?
False
Is 5 a factor of 5488?
False
Is 15300 a multiple of 10?
True
Is 51984 a multiple of 144?
True
Does 15 divide 3105?
True
Does 2 divide 137?
False
Is 9648 a multiple of 174?
False
Is 3977 a multiple of 55?
False
Is 68112 a multiple of 176?
True
Is 19 a factor of 37601?
True
Is 37 a factor of 962?
True
Does 158 divide 23226?
True
Is 2625 a multiple of 9?
False
Is 2128 a multiple of 38?
True
Is 60000 a multiple of 48?
True
Is 161 a factor of 1771?
True
Is 55770 a multiple of 11?
True
Does 14 divide 448?
True
Does 54 divide 45716?
False
Is 1554 a multiple of 42?
True
Is 2755 a multiple of 12?
False
Does 12 divide 2284?
False
Does 13 divide 260?
True
Is 2457 a multiple of 9?
True
Does 90 divide 9630?
True
Is 17904 a multiple of 72?
False
Do